late the greatest common divisor of 18 and b.
9
Let w be (-120)/((-9)/3) - (-4)/(-4). What is the greatest common factor of w and 26?
13
Suppose -5*b + 4*s = -75, -5*s + 4*s = -2*b + 27. Suppose 4*p = 654 - 258. Calculate the highest common factor of b and p.
11
Let l be 2/4*6 + -3. Suppose 5*i + 5 + l = 0. Let a = i - -5. What is the highest common divisor of a and 20?
4
Let r be (8/6)/((-3)/(-9)). Suppose -4*p = -r, 4*o = o + 4*p + 50. Calculate the greatest common factor of 198 and o.
18
Let n(u) = u**2. Let h be n(0). Suppose h*q - 4*q = -2*t + 50, 2*t - 29 = -3*q. Calculate the highest common factor of t and 209.
19
Let o(t) = -t**3 - t**2 + 4*t + 2. Let n be o(-3). Suppose n = 2*j + 4. Suppose -p + 6 = j*p, -2*p = -w + 6. Calculate the greatest common divisor of 50 and w.
10
Suppose 5*w + 8 - 23 = 0. Suppose w*f = 8 + 28. Calculate the highest common divisor of f and 12.
12
Suppose 7*h - 3*h - 64 = 0. Calculate the highest common divisor of h and 16.
16
Let v(y) = 28*y + 1. Let c be v(3). Let z = 125 - c. What is the greatest common divisor of 8 and z?
8
Let s(z) = 32*z**2 + 7*z**2 + 5*z**2 - 1 + 2*z. Let k be s(1). What is the highest common divisor of 9 and k?
9
Let v(h) = h**2 + 12*h + 12. Let u be v(-8). Let o = u + 35. Suppose 4*a + 1 = 41. What is the highest common divisor of o and a?
5
Let a = 148 - 301. Let w = a + 233. What is the greatest common factor of w and 32?
16
Let b be (56/(-6) - -2)/((-30)/45). Calculate the greatest common factor of 22 and b.
11
Let x(c) = -c**3 + 6*c**2 + 2*c - 4. Let z be x(6). Calculate the highest common divisor of 20 and z.
4
Let s = 104 - 38. Calculate the highest common factor of s and 6.
6
Suppose 2*s = 2 + 6. Let c(p) = -p**3 + p**2 - p + 12. Let a be c(0). Calculate the greatest common factor of s and a.
4
Suppose -2*o = -96 + 4. What is the greatest common divisor of 115 and o?
23
Let u = 8 - -319. Suppose 5*f = -4*r + 279, 0*f = -5*r + f + u. Calculate the highest common divisor of r and 6.
6
Let p be (2 - (-595)/49) + (-1)/7. Let v be -2*(-3)/(-2)*-1. Suppose v*s = 10 - 4. Calculate the highest common factor of s and p.
2
Suppose 621 = 4*s + 45. Let j(m) = m - 3. Let a be j(5). Suppose -a*f + 90 = 3*f. What is the greatest common divisor of s and f?
18
Suppose -8*a + 10 = -3*a. Suppose 5*v = -4*i + 17, 4*i + a*v = -0*v + 14. Suppose -5 = -i*n + 7. What is the greatest common factor of n and 12?
4
Let f = 29 - 15. What is the highest common factor of 126 and f?
14
Let v = 19 - -69. Let u(t) = -t + 3. Let r be u(5). Let j be (-1*1)/(r/22). Calculate the greatest common factor of j and v.
11
Let o(y) = 7*y**2 - 6*y + 12. Let j(m) = -6*m**2 + 6*m - 11. Let h(c) = -6*j(c) - 5*o(c). Let i be h(8). Calculate the highest common factor of 55 and i.
11
Let n(v) = -12*v**3 - 2*v**2 - v. Let z be n(-1). Suppose 51*y - 48*y = 165. What is the greatest common divisor of z and y?
11
Let t = 110 - 58. What is the greatest common factor of 39 and t?
13
Suppose -48 = -4*v - 16. Suppose 3*q = 2*q. Let a be 16/1 - q/1. Calculate the greatest common divisor of a and v.
8
Let u(p) = 2*p**2 - 13*p + 30. Let c be u(4). Let w(h) = 2*h**2 + 6*h + 5. Let j be w(-5). Calculate the highest common factor of c and j.
5
Let x(b) = -b**2 - 12*b + 5. Let k be x(-10). Calculate the highest common factor of 10 and k.
5
Let t be ((-2)/4)/((-4)/(-96)). Let u = t + 20. Suppose 9*z - 8*z - 64 = 0. Calculate the greatest common factor of u and z.
8
Let a = 138 + -57. Let w = 20 + -11. Calculate the greatest common divisor of a and w.
9
Suppose 2*v - 11 + 3 = 0. Suppose 0 = -5*l + 4*u + 54, u = v*l - 0*u - 52. Let x be 208/3 + (-2)/(-3). Calculate the greatest common divisor of l and x.
14
Let c be (-2)/10 - (-1008)/40. Calculate the highest common factor of 10 and c.
5
Let f(o) = 26*o**3 - 2*o**2. Let i be f(2). Suppose -i = -5*k - 5*g, -g + 3*g = k - 28. What is the highest common divisor of 6 and k?
6
Let n(j) = -j**3 - 21*j**2 - 29*j - 20. Let a be n(-20). Let v(b) = 21*b**2 - 2*b + 1. Let p be v(1). Calculate the highest common divisor of a and p.
20
Suppose -10 = -4*y + 5*i + 5, -2*y = 5*i + 15. Suppose y = -3*n + 5*n - 22. Calculate the greatest common divisor of n and 44.
11
Let m(u) = u**2 - 10*u. Let f be m(10). Suppose f = 2*j - 6 - 2. What is the highest common divisor of j and 8?
4
Suppose 4*t - 60 = t. Let n be -1 + (-8 - -2)/3. Let h = 2 - n. Calculate the highest common factor of h and t.
5
Let z(i) = -20*i + 4. Let n be z(-4). Suppose -2*o + 18 = j, 3*o + 15 = j + j. Calculate the greatest common divisor of n and j.
12
Suppose 0 = -5*b - 5*c + 65, -12 = 2*b + 3*c - 37. Calculate the greatest common divisor of 112 and b.
14
Suppose 2*h + 2 = 0, -a + 1 - 3 = h. Let l be a - (-2 + -2 + 6). Let x be (9/3)/l + 73. Calculate the highest common divisor of x and 9.
9
Suppose 2*v = -0*v + 96. Let y = 25 - 13. What is the highest common factor of y and v?
12
Let n = -20 - -1. Let x = n + 35. Suppose 5*o = 5*t - 15, -3*t - t = -5*o - 13. Calculate the highest common divisor of t and x.
2
Let o be (1 - -1)/(3/84). Suppose 0 = -x - k + 5 + 11, 4*x - 4*k - o = 0. Calculate the greatest common divisor of 165 and x.
15
Let c(y) = -8*y - 15. Let m be c(-6). Calculate the greatest common factor of 3 and m.
3
Let c(q) = 99*q**2 - q - 1. Let f be c(-1). Let y = -39 + f. What is the highest common factor of 12 and y?
12
Let c(x) = -x**2 - 7*x - 6. Let n be c(-5). Suppose 0*t + 22 = 2*t + n*b, 1 = 3*t - 2*b. Let a be (t + 50/6)*6. Calculate the highest common factor of a and 17.
17
Let g be 8/(-6)*54/(-12). Calculate the greatest common divisor of g and 66.
6
Suppose -2*l = -5*o + l + 206, 0 = -o - l + 38. Suppose -k + 1311 = 5*a - 4*k, -2*k = 4. Suppose 4*d - a = -21. What is the highest common factor of o and d?
20
Let m be -3*((-6)/9)/1. Suppose -6 = m*f - f. Let y be 6/4*(-4)/f. Calculate the greatest common divisor of 8 and y.
1
Let t(s) = -331*s - 3. Let w(v) = 110*v + 1. Let h(z) = 3*t(z) + 8*w(z). Let b be h(-1). What is the highest common divisor of b and 14?
14
Suppose -28 + 0 = -4*o. Let j(p) = p + 9. Let d be j(o). Calculate the highest common divisor of d and 80.
16
Suppose 0 = a - 6 - 0. Calculate the highest common factor of 18 and a.
6
Suppose 115 = 7*m + 52. What is the highest common divisor of m and 36?
9
Let c = 92 + -50. What is the highest common divisor of c and 63?
21
Suppose t + 25 = 4*p, -5*p = -0*p + 5*t - 25. Let x be -3 - (p + 3)*-1. Let k be 4/x*(-1 - -10). Calculate the highest common factor of k and 3.
3
Suppose -5*a + 60 = a. Calculate the greatest common factor of a and 110.
10
Let z be (13 + -3)/(-5) - 8/(-2). What is the highest common divisor of 16 and z?
2
Let d = -1 + 41. Calculate the highest common divisor of d and 5.
5
Let i = -2 - -15. Suppose 3*q - 85 = -i. Suppose 3*v + 0*v - 36 = 0. Calculate the highest common divisor of q and v.
12
Suppose -3*c + 5 = w - 5*c, 0 = 5*w - 5*c - 20. Let j(s) = -3*s + 2*s**3 + 6*s - w*s**3. Let a be j(-3). What is the highest common divisor of a and 12?
6
Let k(g) = -9*g - 9. Let x be k(-6). Let y(q) = 2*q + 44. Let i be y(-13). Calculate the highest common divisor of i and x.
9
Let c = -3 + 4. Let d(o) = 5*o**2 - 2*o + 1. Let n be d(c). Let l(g) = g - 1. Let v be l(2). What is the greatest common divisor of n and v?
1
Suppose -2*i = 3*i - 65. Calculate the highest common factor of 91 and i.
13
Let q be ((-16)/(-6))/((-2)/(-18)). Calculate the highest common divisor of 6 and q.
6
Suppose 2*a + 28 = 354. Suppose -3*s + 309 = -0*s. Let u = a - s. What is the greatest common divisor of 15 and u?
15
Let r be (-4)/(-10) - (-27264)/(-60). Let j = r - -640. What is the greatest common divisor of 31 and j?
31
Let l be 3/(-7) - (-31)/7. Suppose 6*j - 25 = j, 5*u - 295 = -l*j. What is the greatest common divisor of u and 22?
11
Suppose -5*u + 88 = 4*q - 26, 2*q - 5*u - 42 = 0. Suppose 4*a + 6 = q. Suppose 0 = -a*w + 245 + 250. Calculate the highest common factor of w and 9.
9
Suppose -3*d + 5*t = 6, 2*d - 6 = -2*d + 2*t. Suppose -5*z + 66 = d*y - 2*z, -4 = 2*z. What is the greatest common divisor of y and 16?
8
Suppose 0 = -3*s - 2*n - 2*n + 90, -2*n = -s + 30. Let c be 8*2*(-5)/(-8). Calculate the greatest common divisor of s and c.
10
Let l = -71 - -104. Let k 